 -562, 5*r + 4792*w - 4793*w - 699 = 0. What is the remainder when 3912 is divided by r?
132
Let c(r) be the third derivative of r**5/20 - r**4/24 + 7*r**3/6 + 5*r**2. What is the remainder when c(-5) is divided by 11?
10
Let d = 18081 - 15736. What is the remainder when d is divided by 62?
51
Let m(a) = a**2 + 7*a + 18. Let v = -44 - -41. Let c be 3 + -1 + v - 6. Calculate the remainder when m(c) is divided by 7.
4
Let d be (404/8)/((-1)/(-2)). Let i = -12 + d. What is the remainder when i is divided by 360/(-8)*50/(-20)*12/75?
17
Let r = -127241 + 127380. Suppose 5*h + s = -s + 130, 5*s = 5*h - 95. Calculate the remainder when r is divided by h.
19
Suppose -167 = -2*l - 37. Suppose k + 52 = -4*j + 206, -4*k + 724 = 4*j. Calculate the remainder when k is divided by l.
60
Suppose 0 = 2*n - 30 + 4. Let o be -1 + 5/(-10)*-14. Let y(l) = l**3 - 7*l**2 + 11*l + 6. Calculate the remainder when y(o) is divided by n.
10
Suppose 70*v - 52*v + 716 = 4442. Calculate the remainder when 342 is divided by v.
135
Suppose 0 = 5*x - 5*c - 7 - 18, -22 = -2*x - c. Suppose d = v + x, 35 = 5*d - 2*v + 7*v. Calculate the remainder when 9 is divided by d.
1
Let x = -37820 + 37900. What is the remainder when 1758 is divided by x?
78
What is the remainder when 363 is divided by ((-10)/50)/((-5)/1975)?
47
Suppose 5*v = -a - 2, a + 2 = 3*v + 2*v. Let y(i) = 2*i**2 - 19*i - 33. Calculate the remainder when 60 is divided by y(a).
8
Suppose 29*y = -52*y + 10935. Calculate the remainder when 284 is divided by y.
14
Suppose -61*l - 9730 + 3769 = -90507. What is the remainder when l is divided by 52?
34
Suppose -g = -5*b + 6377, -3*b + 5*b - 2540 = -5*g. What is the remainder when b is divided by 425?
0
Let y(h) = h - 2. Let i(o) = -o + 37. Let w(g) = i(g) + 4*y(g). Let v = 19 + -13. Calculate the remainder when w(4) is divided by v.
5
Let l(o) = o**2 - o - 4. Let p be l(5). Suppose 0 = v - 0 - p. Calculate the remainder when (-6)/57 + (-78364)/(-2603) is divided by v.
14
Suppose 7*m + 58*m - 225902 = 348893. Calculate the remainder when m is divided by 44.
43
Suppose 0 = -17*x + 1998 + 3539 + 940. What is the remainder when x is divided by 96?
93
Let d = 287 - 139. Calculate the remainder when 182 is divided by d/(-6)*1*180/(-120).
34
Suppose 4*v - q = 3628, -q - 2706 = -3*v - 4*q. What is the remainder when v is divided by 229?
219
Suppose 13*q + 14*q - 7776 = 0. Suppose -105*i + q = -89*i. Calculate the remainder when i is divided by (-1 + 2)/3*15.
3
Let a = -91 + 130. Let b = 66 - a. What is the remainder when 41 is divided by b?
14
Let p = -10310 - -10319. Calculate the remainder when 34 is divided by p.
7
Suppose 5*l - 2973 = d, -9*d = -5*l + 2939 + 58. Calculate the remainder when l is divided by 17.
16
Suppose -876 = -3*w + 282. Let n = w + -238. Suppose 0 = 6*r - n - 38. Calculate the remainder when 90 is divided by r.
28
Calculate the remainder when (105/(-20))/(70/(-14680)) is divided by 220.
1
Let m(p) = p**3 + 6*p**2 - 6*p - 10. Let n be ((-6)/5)/((-8)/(-60)). Let k = 7 - n. Calculate the remainder when m(-4) is divided by k.
14
Let z(o) = -24*o**2 + 2618*o - 192. Suppose 0 = 5*j - s - 3*s + 468, 5*s = 5*j + 470. Let t = 217 + j. What is the remainder when t is divided by z(109)?
21
Suppose 16*a = 1671 - 7639. Let q = 423 + a. What is the remainder when q is divided by 39?
11
Suppose -670*y + 666*y = -16, 0 = 5*m + 5*y - 455. Calculate the remainder when 2/6 + 491/3 is divided by m.
77
Calculate the remainder when 598 is divided by 28 - 32 - (-18)/3.
0
Suppose s - 4*v = 2*s - 14, 0 = 4*s - v - 5. Suppose 8 + 1 = c. Calculate the remainder when c is divided by s.
1
Suppose -9*t - 45215 = -4*p, -2*t - 25 = -27. What is the remainder when p is divided by 174?
170
Let k(y) = -5*y**2 - 4 + 0*y**2 - 11*y - 4*y**2 + 5*y**2 + y**3. What is the remainder when 29 is divided by k(6)?
1
Suppose l = -5*p + 1730, 5*p + 5*l - 1772 + 42 = 0. Suppose -p = -5*h - 106. Calculate the remainder when 95 is divided by h.
47
Suppose -4*l = -4*v + 68, -v + 10 + 8 = -2*l. Suppose -3*c - 19 = -3*y - c, -3*y - 3*c + 39 = 0. Calculate the remainder when v is divided by y.
7
Suppose -3*s = 5*c - 208 - 66, 438 = 5*s - c. What is the remainder when s is divided by 57/(342/69)*(-2 - -1)*-4?
42
Let o be (-1 - 50)/(-2 - 171/(-72)). Calculate the remainder when 28 is divided by o/(-22) - 18/99.
4
Let u = 9806 + -9755. What is the remainder when 4078 is divided by u?
49
Suppose -9*w - 18 + 187 - 16 = 0. What is the remainder when 184 is divided by w?
14
Let u(p) = -2*p - 5. Let d be u(-4). Suppose -4*c + 2*s + 482 = 0, 2*c + 86 = -d*s + 307. Calculate the remainder when c is divided by 41.
36
Suppose -4*n - 12 + 48 = -4*h, -2*h = 3*n + 3. What is the remainder when (-3 + -2 - h) + 310 is divided by 12?
11
Let p be (-5)/(-4) - 38/(-8). What is the remainder when 85 is divided by 247/114*(p - 0)?
7
Suppose -4*i - 20 = 0, 3*m - 62 = 2*i - 46. Suppose -r - 180 = -5*u, 0 = -m*r - 3*r. What is the remainder when u is divided by 21?
15
Calculate the remainder when 302/((88 + -34)/27) is divided by 1*((22 - 0) + 0).
19
Let h(k) = -k**3 + 3*k**2 - k + 2. Suppose -4*w - f - 72 + 142 = 0, 5*f = 50. Calculate the remainder when h(-3) is divided by w.
14
Suppose 5*v = v + 2*r + 734, 4*r + 382 = 2*v. Let d = v - 123. Let t(q) = 13*q + 402. What is the remainder when d is divided by t(-30)?
10
Suppose 2 = t - a + 14, 4*a - 12 = 0. Let p(r) be the first derivative of -5*r**2 - 28*r - 217. What is the remainder when p(t) is divided by 33?
29
Let m = 9481 + -9364. Let k(h) = h + 5. Let x be k(-3). Suppose -n + 61 = x*n + 2*a, n + a = 22. Calculate the remainder when m is divided by n.
15
Suppose -81*t = -69*t - 6300. Calculate the remainder when t is divided by 7995/91 - (-1)/7.
85
Suppose 4*a = -5*t + 959, 4*a = 11*t - 2530 + 433. Calculate the remainder when 2097 is divided by t.
187
Calculate the remainder when 2138 is divided by (-175500)/(-5490) - 2/(-61).
26
Let a = 381 + -357. Calculate the remainder when 105 is divided by a.
9
Suppose 4*p = -4*u - 1512, 2*p + 3*u + 1886 = -3*p. Let o = p + 452. Calculate the remainder when o is divided by 15.
1
Let y be 6*(12/(-9) + 2). Suppose y*a - 13 = 27. What is the remainder when 2/a - 312/(-15) is divided by 9?
3
Suppose -q - 135 + 18 = 0. Let n be (-2)/13 - 486/q. What is the remainder when 67 is divided by 1/n + (-39)/(-4)?
7
Let z(l) = -136 - 85 + 306 - 13*l. Let o(r) = r**2 - 6*r - 7. What is the remainder when z(-8) is divided by o(-5)?
45
Suppose 3*m - 5*q - 54 = 0, -5*m - 41 = 5*q - 131. Calculate the remainder when 1441 is divided by m.
1
Suppose 0 = 41*h + 21*h - 124. Suppose 2*x - 5*g = 5*x + 19, 12 = x - h*g. Let y = -3 + 5. What is the remainder when y is divided by x?
0
Suppose 6*q - 50 = q. Let y(x) = -x**2 - 11*x + 34*x - 18*x + q. What is the remainder when 15 is divided by y(6)?
3
Let v(n) = -76*n + 446. Calculate the remainder when v(-5) is divided by 83.
79
Suppose 0 = 3*f - 2*s - 38, 48 = 4*f + 4*s - 6*s. Let j(a) = -2*a**2 - a + 40. Let i be j(0). Let h = 109 - i. Calculate the remainder when h is divided by f.
9
Let x(l) = -l**3 - 4*l**2 + 31*l + 137. Let t be x(-5). Let w(a) = a**3 - 7*a**2 + 4*a. Calculate the remainder when w(t) is divided by (10 - 1) + 1/1.
8
Let y = -5077 + 5921. Calculate the remainder when y is divided by 10.
4
Let k(u) = -u**2 - 22*u + 78. Let c be k(-25). Suppose 4*x - r = 505, 0 = -x + c*x + 3*r - 249. Calculate the remainder when x is divided by 67.
59
Let q be 3 - (38 + 2/(-2)). Calculate the remainder when 4/q - (-414)/51 is divided by 4.
0
Let i = -315 + 426. Suppose -i*g + 345 = -106*g. Calculate the remainder when 619 is divided by g.
67
Suppose -19360 = -171*p - 112*p + 6110. What is the remainder when 2517 is divided by p?
87
Suppose 6 = 2*v + 336. Calculate the remainder when (-7)/((40/v)/8) is divided by 39.
36
Let r = -9667 - -10524. Calculate the remainder when r is divided by 123.
119
Let o(q) = 33*q + 3941. Calculate the remainder when 6860 is divided by o(-118).
45
Let g(f) = 18*f - 4. Let c = 148 + -313. Let a = c - -192. What is the remainder when g(6) is divided by a?
23
Suppose -k + 67 = 4*l, 5*k - 1 = l - 2. Let m = -6 + 11. Suppose 2*z + m = -2*h + 43, -5*z - 2*h + 110 = 0. What is the remainde